7746?
2, 3, 1291
What are the prime factors of 4433?
11, 13, 31
What are the prime factors of 1923?
3, 641
List the prime factors of 1100.
2, 5, 11
What are the prime factors of 1708?
2, 7, 61
List the prime factors of 5217.
3, 37, 47
What are the prime factors of 5956?
2, 1489
What are the prime factors of 1987?
1987
What are the prime factors of 44546?
2, 22273
List the prime factors of 374.
2, 11, 17
List the prime factors of 106348.
2, 11, 2417
List the prime factors of 2088.
2, 3, 29
List the prime factors of 2660.
2, 5, 7, 19
List the prime factors of 34839.
3, 7, 79
What are the prime factors of 7026?
2, 3, 1171
What are the prime factors of 1041?
3, 347
What are the prime factors of 2328?
2, 3, 97
List the prime factors of 112895.
5, 67, 337
What are the prime factors of 53930?
2, 5, 5393
List the prime factors of 827.
827
What are the prime factors of 1901?
1901
List the prime factors of 78586.
2, 39293
What are the prime factors of 745?
5, 149
List the prime factors of 116559.
3, 1439
What are the prime factors of 12505?
5, 41, 61
List the prime factors of 13431.
3, 11, 37
What are the prime factors of 27?
3
List the prime factors of 1962.
2, 3, 109
List the prime factors of 2753.
2753
List the prime factors of 2222.
2, 11, 101
What are the prime factors of 9199?
9199
What are the prime factors of 30144?
2, 3, 157
List the prime factors of 307.
307
List the prime factors of 94196.
2, 23549
List the prime factors of 5981.
5981
List the prime factors of 477.
3, 53
What are the prime factors of 339?
3, 113
List the prime factors of 13225.
5, 23
List the prime factors of 45338.
2, 22669
What are the prime factors of 50789?
50789
What are the prime factors of 15576?
2, 3, 11, 59
What are the prime factors of 869?
11, 79
List the prime factors of 192.
2, 3
What are the prime factors of 1451?
1451
What are the prime factors of 1887?
3, 17, 37
What are the prime factors of 382?
2, 191
What are the prime factors of 49498?
2, 24749
List the prime factors of 133344.
2, 3, 463
What are the prime factors of 371?
7, 53
List the prime factors of 14793.
3, 4931
List the prime factors of 3531.
3, 11, 107
List the prime factors of 7610.
2, 5, 761
What are the prime factors of 68?
2, 17
List the prime factors of 5398.
2, 2699
List the prime factors of 18642.
2, 3, 13, 239
What are the prime factors of 7144?
2, 19, 47
List the prime factors of 3021.
3, 19, 53
List the prime factors of 41448.
2, 3, 11, 157
What are the prime factors of 2765?
5, 7, 79
What are the prime factors of 634?
2, 317
List the prime factors of 66397.
67, 991
List the prime factors of 1231.
1231
What are the prime factors of 30414?
2, 3, 37, 137
What are the prime factors of 3406?
2, 13, 131
What are the prime factors of 28203?
3, 7, 17, 79
What are the prime factors of 16733?
29, 577
List the prime factors of 91234.
2, 11, 13, 29
What are the prime factors of 8239?
7, 11, 107
What are the prime factors of 546?
2, 3, 7, 13
What are the prime factors of 151712?
2, 11, 431
What are the prime factors of 1102?
2, 19, 29
List the prime factors of 34477.
23, 1499
What are the prime factors of 19406?
2, 31, 313
What are the prime factors of 37588?
2, 9397
What are the prime factors of 3371?
3371
List the prime factors of 26784.
2, 3, 31
List the prime factors of 14100.
2, 3, 5, 47
What are the prime factors of 749?
7, 107
List the prime factors of 994.
2, 7, 71
What are the prime factors of 579?
3, 193
List the prime factors of 26176.
2, 409
List the prime factors of 11920.
2, 5, 149
What are the prime factors of 1748?
2, 19, 23
What are the prime factors of 57599?
239, 241
List the prime factors of 8043.
3, 7, 383
What are the prime factors of 5370?
2, 3, 5, 179
List the prime factors of 2815.
5, 563
What are the prime factors of 336?
2, 3, 7
What are the prime factors of 17665?
5, 3533
What are the prime factors of 4900?
2, 5, 7
List the prime factors of 1864.
2, 233
What are the prime factors of 84436?
2, 11, 19, 101
List the prime factors of 503.
503
List the prime factors of 690.
2, 3, 5, 23
List the prime factors of 2059.
29, 71
What are the prime factors of 1391?
13, 107
What are the prime factors of 892?
2, 223
What are the prime factors of 874?
2, 19, 23
List the prime factors of 123276.
2, 3, 10273
What are the prime factors of 2132?
2, 13, 41
List the prime factors of 5003.
5003
What are the prime factors of 14574?
2, 3, 7, 347
List the prime factors of 16858.
2, 8429
What are the prime factors of 1531?
1531
What are the prime factors of 800?
2, 5
List the prime factors of 158310.
2, 3, 5, 1759
List the prime factors of 18616.
2, 13, 179
What are the prime factors of 38013?
3, 12671
List the prime factors of 2902.
2, 1451
What are the prime factors of 170?
2, 5, 17
List the prime factors of 45993.
3, 15331
What are the prime factors of 2450?
2, 5, 7
List the prime factors of 63582.
2, 3, 10597
List the prime factors of 3557.
3557
List the prime factors of 7381.
11, 61
List the prime factors of 4648.
2, 7, 83
What are the prime factors of 1958?
2, 11, 89
What are the prime factors of 8891?
17, 523
List the prime factors of 41.
41
List the prime factors of 5931.
3, 659
What are the prime factors of 30901?
13, 2377
List the prime factors of 68035.
5, 11, 1237
List the prime factors of 5453.
7, 19, 41
What are the prime factors of 84302?
2, 61, 691
List the prime factors of 7428.
2, 3, 619
List the prime factors of 59732.
2, 109, 137
List the prime factors of 77158.
2, 173, 223
List the prime factors of 11606.
2, 7, 829
List the prime factors of 192.
2, 3
List the prime factors of 1535.
5, 307
List the prime factors of 1192.
2, 149
What are the prime factors of 7736?
2, 967
List the prime factors of 1538.
2, 769
List the prime factors of 3714.
2, 3, 619
List the prime factors of 3.
3
What are the prime factors of 2597?
7, 53
List the prime factors of 25803.
3, 47, 61
List the prime factors of 29062.
2, 11, 1321
List the prime factors of 7384.
2, 13, 71
List the prime factors of 15344.
2, 7, 137
What are the prime factors of 8914?
2, 4457
List the prime factors of 85797.
3, 9533
What are the prime factors of 3458?
2, 7, 13, 19
List the prime factors of 1672.
2, 11, 19
List the prime factors of 1190.
2, 5, 7, 17
What are the prime factors of 6371?
23, 277
List the prime factors of 1752.
2, 3, 73
What are the prime factors of 17746?
2, 19, 467
What are the prime factors of 261?
3, 29
List the prime factors of 408.
2, 3, 17
List the prime factors of 1112.
2, 139
What are the prime factors of 3405?
3, 5, 227
What are the prime factors of 11788?
2, 7, 421
What are the prime factors of 1060?
2, 5, 53
What are the prime factors of 6624?
2, 3, 23
What are the prime factors of 4576?
2, 11, 13
List the prime factors of 1364.
2, 11, 31
What are the prime factors of 3412?
2, 853
List the prime factors of 1884.
2, 3, 157
What are the prime factors of 3780?
2, 3, 5, 7
What are the prime factors of 3196?
2, 17, 47
What are the prime factors of 3862?
2, 1931
List the prime factors of 19836.
2, 3, 19, 29
What are the prime factors of 33573?
3, 19, 31
List the prime factors of 7923.
3, 19, 139
What are the prime factors of 7854?
2, 3, 7, 11, 17
What are the prime factors of 5482?
2, 2741
What are the prime factors of 30372?
2, 3, 2531
List the prime factors of 99400.
2, 5, 7, 71
What are the prime factors of 10546?
2, 5273
List the prime factors of 2463.
3, 821
List the prime factors of 1791.
3, 199
What are the prime factors of 9253?
19, 487
What are the prime factors of 75933?
3, 11, 13, 59
List the prime factors of 7837.
17, 461
What are the prime factors of 338?
2, 13
What are the prime factors of 3590?
2, 5, 359
What are the prime factors of 13617?
3, 17, 89
List the prime factors of 694.
2, 347
List the prime factors of 15590.
2, 5, 1559
List the prime factors of 40205.
5, 11, 17, 43
List the prime factors of 10035.
3, 5, 223
List the prime factors of 950.
2, 5, 19
What are the prime factors of 2107?
7, 43
List the prime factors of 70129.
19, 3691
What are the prime factors of 76356?
2, 3, 7, 101
What are the prime factors of 1933?
1933
List the prime factors of 7432.
2, 929
List the prime factors of 32402.
2, 17, 953
What are the prime factors of 442?
2, 13, 17
What are the prime factors 